s the greatest common divisor of 3552 and 5883?
111
Calculate the highest common factor of 616 and 1770912.
88
Calculate the highest common divisor of 19539 and 273.
39
What is the highest common divisor of 20 and 80170?
10
Calculate the greatest common divisor of 23607 and 22509.
549
Calculate the highest common divisor of 86602 and 3392.
106
What is the highest common divisor of 130 and 14580?
10
What is the greatest common factor of 12320 and 52752?
112
Calculate the greatest common divisor of 297 and 11209.
11
Calculate the highest common factor of 2064775 and 25.
25
What is the greatest common factor of 15 and 118880?
5
What is the greatest common factor of 1797427 and 46?
23
What is the greatest common divisor of 1083008 and 512?
128
Calculate the greatest common divisor of 234 and 1926.
18
What is the highest common factor of 78 and 1677?
39
Calculate the greatest common factor of 133 and 656811.
19
What is the highest common divisor of 621354 and 145?
29
Calculate the greatest common divisor of 1402 and 27.
1
Calculate the highest common factor of 615201 and 502.
251
What is the highest common divisor of 1587565 and 7?
7
Calculate the greatest common factor of 29252 and 86932.
412
Calculate the highest common divisor of 3580 and 11098.
358
What is the greatest common factor of 20 and 6605?
5
Calculate the greatest common divisor of 23532 and 2553.
111
Calculate the highest common factor of 356087 and 97.
97
What is the greatest common divisor of 215283 and 3?
3
What is the greatest common divisor of 3280 and 3860?
20
What is the highest common factor of 158404 and 6567?
199
What is the greatest common factor of 3913 and 1066?
13
Calculate the greatest common divisor of 1417152 and 4840.
968
What is the greatest common factor of 100 and 42350?
50
Calculate the highest common factor of 165 and 127314.
33
Calculate the greatest common factor of 11000 and 19008.
88
What is the highest common divisor of 57321 and 54?
27
Calculate the highest common factor of 1629070 and 10.
10
Calculate the highest common factor of 1785 and 725730.
255
Calculate the greatest common factor of 4893 and 96.
3
What is the highest common divisor of 9928 and 510?
34
Calculate the greatest common factor of 15296 and 9328.
16
What is the highest common divisor of 22995 and 7119?
63
What is the highest common divisor of 64 and 88336?
16
Calculate the highest common factor of 799900 and 100.
100
What is the highest common divisor of 902 and 143254?
82
Calculate the greatest common divisor of 540 and 6720.
60
Calculate the highest common factor of 4914 and 98.
14
Calculate the greatest common divisor of 568775 and 275.
25
Calculate the greatest common divisor of 2312 and 22712.
136
What is the greatest common factor of 194220 and 624?
156
What is the greatest common factor of 5016 and 236544?
264
Calculate the greatest common divisor of 116 and 26.
2
What is the greatest common divisor of 96 and 1681216?
32
Calculate the highest common divisor of 8106 and 3318.
42
Calculate the greatest common factor of 48 and 7182.
6
Calculate the greatest common factor of 23049 and 39991.
197
What is the greatest common factor of 1749 and 3102?
33
Calculate the greatest common divisor of 17650420 and 85.
85
Calculate the highest common divisor of 33 and 283008.
33
Calculate the greatest common divisor of 368 and 3536.
16
Calculate the greatest common factor of 1368 and 9792.
72
Calculate the highest common factor of 160 and 108365.
5
What is the highest common factor of 1711898 and 362?
362
Calculate the greatest common factor of 2232 and 268416.
72
What is the greatest common divisor of 1683 and 27225?
99
Calculate the greatest common factor of 84 and 57666.
42
What is the highest common divisor of 5226 and 5421?
39
Calculate the greatest common factor of 75 and 150825.
75
Calculate the greatest common factor of 33705 and 14.
7
Calculate the greatest common divisor of 808 and 10520.
8
Calculate the greatest common divisor of 230 and 203250.
10
What is the highest common divisor of 804 and 5030628?
804
Calculate the highest common factor of 27086 and 3770.
58
Calculate the greatest common factor of 7294 and 294.
14
What is the greatest common factor of 62854 and 2024?
22
Calculate the greatest common divisor of 5567 and 646.
19
Calculate the greatest common divisor of 76427 and 65.
13
Calculate the highest common factor of 231 and 271348.
77
What is the greatest common divisor of 33902 and 18216?
506
What is the highest common divisor of 672500 and 70000?
2500
Calculate the greatest common divisor of 95368 and 7735.
91
What is the highest common divisor of 754338 and 988?
494
Calculate the highest common factor of 381802 and 2.
2
What is the greatest common divisor of 3 and 63429?
3
What is the greatest common factor of 100 and 729650?
50
What is the highest common factor of 360 and 537480?
360
Calculate the greatest common factor of 2536 and 25677.
317
What is the highest common factor of 8 and 254120?
8
What is the highest common factor of 77556 and 11592?
276
What is the greatest common divisor of 6223 and 10287?
127
Calculate the greatest common factor of 12845 and 1225.
35
Calculate the greatest common divisor of 1530 and 444.
6
Calculate the highest common factor of 20033 and 809025.
1541
Calculate the highest common factor of 65772 and 56.
28
What is the greatest common divisor of 88 and 8074?
22
Calculate the highest common divisor of 17534 and 132.
22
Calculate the greatest common divisor of 63 and 17157.
21
What is the highest common factor of 2793 and 3458?
133
Calculate the greatest common factor of 2046 and 1302.
186
Calculate the greatest common factor of 192 and 419208.
24
Calculate the greatest common divisor of 40935 and 6.
3
What is the highest common divisor of 49752 and 144?
72
Calculate the greatest common factor of 433573 and 1127.
161
What is the highest common divisor of 706068 and 396?
396
Calculate the highest common factor of 2486 and 1034.
22
Calculate the highest common factor of 2412 and 41.
1
Calculate the highest common divisor of 464 and 141259.
29
Calculate the highest common factor of 28 and 1570016.
28
What is the greatest common factor of 177 and 52274?
59
What is the greatest common divisor of 321561 and 63?
9
What is the highest common factor of 39 and 6839?
1
Calculate the highest common factor of 2372 and 18.
2
What is the greatest common factor of 466 and 1199950?
466
Calculate the greatest common divisor of 11 and 61.
1
Calculate the highest common divisor of 170 and 940763.
17
What is the greatest common factor of 5883 and 2703?
159
What is the highest common factor of 854924 and 931?
133
What is the greatest common factor of 3630 and 231?
33
Calculate the highest common factor of 2425865 and 130.
65
Calculate the highest common divisor of 162 and 37998.
18
Calculate the highest common divisor of 17640 and 990.
90
Calculate the greatest common factor of 5751 and 15.
3
Calculate the greatest common divisor of 80 and 992.
16
Calculate the greatest common divisor of 26691 and 28.
7
Calculate the highest common divisor of 45 and 162585.
45
What is the highest common factor of 1690 and 3074955?
845
Calculate the highest common divisor of 12 and 2523588.
12
Calculate the greatest common factor of 180 and 1135.
5
What is the highest common factor of 180 and 65220?
60
What is the greatest common divisor of 8960 and 1316?
28
Calculate the highest common factor of 925 and 50.
25
What is the greatest common factor of 41051 and 23?
1
What is the highest common factor of 210222 and 1122?
102
Calculate the highest common factor of 12 and 241492.
4
Calculate the highest common factor of 272 and 16439.
17
Calculate the greatest common factor of 19948 and 76.
4
What is the greatest common factor of 992 and 6696?
248
What is the greatest common divisor of 1649 and 22019?
97
What is the greatest common factor of 4588 and 36038?
74
What is the greatest common factor of 4176 and 396?
36
What is the greatest common factor of 414 and 36846?
414
Calculate the greatest common factor of 1728885 and 15.
15
What is the greatest common divisor of 37 and 45769?
37
Calculate the highest common factor of 9471 and 2233.
77
What is the highest common divisor of 32 and